t the prime factors of j.
241
Let w(v) = 4*v**3 + 2*v + 11. Let y be w(6). Suppose -2*r + 7*n = 2*n - 348, -4*n = -5*r + y. What are the prime factors of r?
179
Let u(t) = 3*t - 3*t**2 + 2 + 2*t - 292*t**3 + 260*t**3. List the prime factors of u(-2).
2, 59
Let l be 2/(-2)*(-1 - (0 - -347)). Let a = l + -225. What are the prime factors of a?
3, 41
Let h(x) = x**3 + 2*x + 1. Let r = 15 + 0. Let m = 18 - r. List the prime factors of h(m).
2, 17
Let m = 506 - 238. List the prime factors of m.
2, 67
Suppose -5*o + 0 = -20. Let h(w) be the second derivative of -w**5/20 + w**4/3 + w**3/3 - 3*w**2/2 - w. What are the prime factors of h(o)?
5
Let a(k) = 11*k**2. List the prime factors of a(-14).
2, 7, 11
Suppose 0 = 4*t - 36 - 32. Suppose -t = -2*v + v. List the prime factors of v.
17
Let b(t) = -t - 5. Let u be b(-10). Suppose 7*j - 2*j = -u. What are the prime factors of (2 + 8)*j/(-2)?
5
Let r(c) = c**3 - 15*c**2 - 31*c + 24. What are the prime factors of r(19)?
3, 293
Let m(k) = -k**3 - 25*k**2 - 21*k + 372. What are the prime factors of m(-26)?
2, 797
Suppose 3*k + 0*t + 19 = t, 10 = 2*k + 5*t. Let u(m) = -4*m + 9. Let w(i) = -4*i + 9. Let p(o) = k*u(o) + 6*w(o). What are the prime factors of p(-4)?
5
Suppose 0 = 4*n - 2*b - 406, 4*b = -4*n + 106 + 270. List the prime factors of n.
3, 11
List the prime factors of (485 - 2) + (-186)/(-31).
3, 163
List the prime factors of (-1)/(-2) + 3742/4 + 3.
3, 313
What are the prime factors of (-880)/11*7/(140/(-96))?
2, 3
Suppose -73 = -5*s - 73. List the prime factors of (23 - -2 - 2) + s.
23
Let d(r) = r**2 + 7*r + 14. Let x be d(-5). Suppose 0 = x*b - k - 562, 4*b + 2*k - 507 = 61. What are the prime factors of b?
3, 47
Let v be 110/15 + (-1)/3. Suppose -4*l - 639 = -v*l. Let i = l + -152. What are the prime factors of i?
61
Let p(g) = -g**3 - 18*g**2 + 58*g + 44. What are the prime factors of p(-21)?
149
Suppose s + s + 8 = 0. Suppose -26*j + 4*j = 858. List the prime factors of j/(-12) + (-3)/s.
2
Suppose -q + 3*f = -6*q - 10, -4*q = -4*f + 40. Let d be 12/(-30) - 122/q. What are the prime factors of d + 0*(-2)/(-4)?
2, 3
Suppose -2*m - 9 = -i, -i + 4*m + 9 = -6. Let k(p) = -3*p**i + 13*p - 2*p - 10*p**2 - 7 + 4*p**3 + 0*p**2. What are the prime factors of k(9)?
11
Let s be (258/4)/1*(-8)/(-12). Suppose -2*r = -s - 63. What are the prime factors of r?
53
Suppose 3*x + 3 = 6. What are the prime factors of x/((-42)/15 - -3)?
5
Suppose -30 = 2*v + 3*p, -2*v - 5*p + 0 - 34 = 0. Let z be 11 - v/((-12)/3). Let d(b) = 3*b - 5. List the prime factors of d(z).
19
Suppose -45810 = -76*w + 75182. List the prime factors of w.
2, 199
What are the prime factors of 523 - (-2 - (6 - 8))?
523
Let i = 273 + 272. Let a = 892 - i. What are the prime factors of a?
347
Let t(j) = -5*j**3 - 54*j**2 + 80*j - 34. Let q(x) = -2*x**3 - 18*x**2 + 27*x - 11. Let y(d) = -8*q(d) + 3*t(d). List the prime factors of y(17).
3, 5, 7
Suppose 3*i + 17796 = 5*t, -6*t = -3*t + i - 10672. What are the prime factors of t?
2, 3, 593
Suppose -19 = -4*h - 3. Suppose -h = 3*n - 76. What are the prime factors of (2 - n/9)*-111?
2, 37
Suppose 4*h + i + i - 20 = 0, 4 = i. Suppose 4*w - 8 = 4*u, 5*w - 4 - 6 = h*u. Suppose p - 34 = -u*p + a, -2*a + 130 = 4*p. What are the prime factors of p?
3, 11
Let s be 37/2*(4 - 2). Let l(k) = -5*k + 3. Let c be l(4). Let n = c + s. What are the prime factors of n?
2, 5
Let k(f) = 8*f**2 + 3*f + 27. Suppose 46 = 4*d + 26. List the prime factors of k(d).
2, 11
Let c = 30 + -19. Let k(u) = c*u - 3 + 9 + 39*u - 4. List the prime factors of k(1).
2, 13
Let p = -53 + 50. Let k = 0 + 1. What are the prime factors of 44 + (p + k - -1)?
43
Suppose 4*h = 3*m + 8*h + 37, 0 = -5*m + 2*h - 79. Let x = m + 23. List the prime factors of x.
2
Let v = 73 + -77. What are the prime factors of 1 - (v - -331)/(-3)?
2, 5, 11
Let b = 881 + -272. List the prime factors of b.
3, 7, 29
Let t(p) = p + 34. Let f be t(5). Suppose 834 = 5*x - w, -x + 132 + f = 4*w. List the prime factors of x.
167
Let w be ((-6)/6)/((-1)/(-2)) + 1037. Suppose -42*g = -37*g - w. What are the prime factors of g?
3, 23
Let u(f) = 7*f. List the prime factors of u(17).
7, 17
Suppose -2*l = -5*m + 9, -5*m - 7*l + 3*l + 27 = 0. Let b be 2*m + 3 + -5. Suppose 5*s - 2*s = b*o + 31, 2*s - 3*o = 21. What are the prime factors of s?
3
Suppose 0 = -2*p + 1310 + 288. What are the prime factors of p?
17, 47
Let m(n) = 2*n**3 - 24*n**2 + 18*n - 8. Let y(x) = -4*x**3 + 47*x**2 - 35*x + 16. Let a(u) = 5*m(u) + 2*y(u). What are the prime factors of a(13)?
2, 3, 7
Let s be 1/4 + (-120)/(-32). Suppose 384 = -3*o + 8*o - 2*k, 0 = 4*o - s*k - 300. Let j = 114 - o. List the prime factors of j.
2, 3
Suppose -674 - 7687 = -3*y. List the prime factors of y.
3, 929
Suppose -2*y + 5328 = 3*p + 1460, -5*p = 20. List the prime factors of y.
2, 5, 97
Let h(m) = 19 - 7 + 11 - 8*m + 8. List the prime factors of h(-13).
3, 5
Let z be (-1)/7 - (-239)/7. Suppose 5*c - 2*b + 54 = 0, -3*c = -7*c - 3*b - z. What are the prime factors of c/(0 + (-4)/8)?
2, 5
Let q = 678 + 708. List the prime factors of q.
2, 3, 7, 11
Suppose 2*d + 5*p = 2283, 102*d + 3*p + 5630 = 107*d. What are the prime factors of d?
1129
Let p(z) = z + 13. Suppose 4*c = -5*m + 45 - 115, -3*m - 5*c = 42. Let q be p(m). Let s(i) = 65*i**2 + i + 2. What are the prime factors of s(q)?
2, 3, 11
Suppose 0 = -4*f - a + 2, 4*f - 6*a + a + 10 = 0. Let w = 415 + -285. What are the prime factors of w/2 - f/(-1)?
5, 13
Let x(n) = 6*n + 6. Suppose -y - 3*k = -22, 3*y - 4*k = -0*y + 1. List the prime factors of x(y).
2, 3
Let h = 26 - 27. What are the prime factors of (-2)/h*9 - (2 - 0)?
2
Let b(v) = -5*v**3 + 14*v + 22. Let g(i) = -14*i**3 + 42*i + 65. Let u(x) = -11*b(x) + 4*g(x). List the prime factors of u(-6).
2, 3, 5
Suppose 26*r + 19*r = 52245. What are the prime factors of r?
3, 43
Let z(s) = 2*s**3 + 5*s**2 + 2*s. Let y be z(-3). List the prime factors of (-11 - y)/(2/24).
2, 3
Let j(r) = -8*r**3 - r**2 + r. Let d(c) = c**2 + 6*c + 9. Let l be d(-4). Let o be j(l). What are the prime factors of o/44 + 303/33?
3
Let a = -2 - -83. Suppose -2*g = 2*k - 168, k = -g - k + a. List the prime factors of g.
3, 29
Let p(r) = r + 3. Let z be p(0). Let m = 48 - z. Let j = 66 - m. What are the prime factors of j?
3, 7
Suppose 5*a = 4*a - 2*v + 51, 3*a - 149 = -5*v. List the prime factors of a.
43
Let q(d) = 233*d - 14. List the prime factors of q(2).
2, 113
Suppose -3*g - 309 = -4*f, 4*f + g + 0*g = 297. Suppose 9*v - f = 4*v. List the prime factors of v.
3, 5
Let p(t) = 3*t. Let a(x) = x**3 - 7*x**2 + x - 2. Let d be a(7). Let s be 1 - d/(5/(-3)). List the prime factors of p(s).
2, 3
Suppose 5 + 5 = 2*d. Suppose -x + 92 = -o - 8, 427 = 4*x + d*o. What are the prime factors of x?
103
Let n(g) = -g**3 + 5*g**2 - 2. Let d be n(5). Let v = d - -4. Suppose 0 = -0*f + v*f - 34. What are the prime factors of f?
17
Let k(w) = -w - 1. Let m be k(-3). Suppose -y - m + 15 = -4*l, -5*l - 25 = -3*y. List the prime factors of ((-19)/y)/(1/(-5)).
19
Suppose -6183 = 9*x - 25866. What are the prime factors of x?
3
Suppose -m - 4*m = -2905. Suppose 0*w - 7*w = -m. What are the prime factors of w?
83
Let r be 49/(-2) + (-2)/4. Let u be (r/10)/(2/(-12)). Let w = u + 30. List the prime factors of w.
3, 5
Suppose -8 = 5*l - 28. Let o be (l - 3) + -1 + 6. What are the prime factors of 4/6 - (-14)/o?
3
Suppose 9*z - 142 = 8*z - x, -3*x = z - 144. Suppose -35*g + z = -32*g. List the prime factors of g.
47
Suppose 139*u = 143*u - 5168. What are the prime factors of u?
2, 17, 19
Suppose 19 = b - 22. Let g = 162 + -83. Let t = g - b. List the prime factors of t.
2, 19
Let k(s) = -s**3 + 17*s**2 - 19*s + 19. Let o be k(13). Suppose o = 2*g - 122. List the prime factors of g.
3, 5, 19
What are the prime factors of 88/748 + (-3381)/(-17)?
199
Let i(s) = -32*s - 60. Let x be i(-9). Let k = x + 16. What are the prime factors of k?
2, 61
Let v(i) = -i**3 - 6*i**2 + 8*i + 11. Let f be v(-7). List the prime factors of -3 - (4 - 324/f).
2, 37
Let i(c) = c + 10. Let n(s) be the first derivative of s**3/3 + 2*s**2 - 4*s + 4. Let a be n(-6). What are the prime factors of i(a)?
2, 3
Suppose -8*d + 942 + 1162 = 0. What are the prime factors of d?
263
Let g be 2/4 - 4835/(-10). Let z =